{"id":426,"date":"2023-11-22T08:54:46","date_gmt":"2023-11-22T11:54:46","guid":{"rendered":"https:\/\/xanxere.cdl-sc.org.br\/?page_id=426"},"modified":"2024-11-04T10:14:05","modified_gmt":"2024-11-04T13:14:05","slug":"sobre","status":"publish","type":"page","link":"https:\/\/xanxere.cdl-sc.org.br\/?page_id=426","title":{"rendered":"Sobre"},"content":{"rendered":"\t\t<div data-elementor-type=\"wp-page\" data-elementor-id=\"426\" class=\"elementor elementor-426\" data-elementor-post-type=\"page\">\n\t\t\t\t<div class=\"elementor-element elementor-element-9ec4c1e e-flex e-con-boxed e-con e-parent\" data-id=\"9ec4c1e\" data-element_type=\"container\" data-settings=\"{&quot;background_background&quot;:&quot;gradient&quot;}\">\n\t\t\t\t\t<div class=\"e-con-inner\">\n\t\t\t\t<div class=\"elementor-element elementor-element-166885e elementor-widget elementor-widget-heading\" data-id=\"166885e\" data-element_type=\"widget\" data-widget_type=\"heading.default\">\n\t\t\t\t<div class=\"elementor-widget-container\">\n\t\t\t<style>\/*! elementor - v3.23.0 - 05-08-2024 *\/\n.elementor-heading-title{padding:0;margin:0;line-height:1}.elementor-widget-heading .elementor-heading-title[class*=elementor-size-]>a{color:inherit;font-size:inherit;line-height:inherit}.elementor-widget-heading .elementor-heading-title.elementor-size-small{font-size:15px}.elementor-widget-heading .elementor-heading-title.elementor-size-medium{font-size:19px}.elementor-widget-heading .elementor-heading-title.elementor-size-large{font-size:29px}.elementor-widget-heading .elementor-heading-title.elementor-size-xl{font-size:39px}.elementor-widget-heading .elementor-heading-title.elementor-size-xxl{font-size:59px}<\/style><h2 class=\"elementor-heading-title elementor-size-default\">Sistema CNDL <\/h2>\t\t<\/div>\n\t\t\t\t<\/div>\n\t\t\t\t\t<\/div>\n\t\t\t\t<\/div>\n\t\t<div class=\"elementor-element elementor-element-82c501a e-con-full e-flex e-con e-parent\" data-id=\"82c501a\" data-element_type=\"container\" data-settings=\"{&quot;background_background&quot;:&quot;classic&quot;}\">\n\t\t\t\t<\/div>\n\t\t<div class=\"elementor-element elementor-element-58a5ce4 e-flex e-con-boxed e-con e-parent\" data-id=\"58a5ce4\" data-element_type=\"container\">\n\t\t\t\t\t<div class=\"e-con-inner\">\n\t\t\t\t<div class=\"elementor-element elementor-element-76dac9a elementor-absolute elementor-hidden-mobile elementor-hidden-tablet elementor-widget elementor-widget-image\" data-id=\"76dac9a\" data-element_type=\"widget\" data-settings=\"{&quot;_position&quot;:&quot;absolute&quot;}\" data-widget_type=\"image.default\">\n\t\t\t\t<div class=\"elementor-widget-container\">\n\t\t\t<style>\/*! elementor - v3.23.0 - 05-08-2024 *\/\n.elementor-widget-image{text-align:center}.elementor-widget-image a{display:inline-block}.elementor-widget-image a img[src$=\".svg\"]{width:48px}.elementor-widget-image img{vertical-align:middle;display:inline-block}<\/style>\t\t\t\t\t\t\t\t\t\t<img fetchpriority=\"high\" decoding=\"async\" width=\"433\" height=\"1024\" src=\"https:\/\/xanxere.cdl-sc.org.br\/wp-content\/uploads\/2024\/11\/Ativo-410@2x-1-433x1024.png\" class=\"attachment-large size-large wp-image-154508\" alt=\"\" srcset=\"https:\/\/xanxere.cdl-sc.org.br\/wp-content\/uploads\/2024\/11\/Ativo-410@2x-1-433x1024.png 433w, https:\/\/xanxere.cdl-sc.org.br\/wp-content\/uploads\/2024\/11\/Ativo-410@2x-1-127x300.png 127w, https:\/\/xanxere.cdl-sc.org.br\/wp-content\/uploads\/2024\/11\/Ativo-410@2x-1-768x1814.png 768w, https:\/\/xanxere.cdl-sc.org.br\/wp-content\/uploads\/2024\/11\/Ativo-410@2x-1-650x1536.png 650w, https:\/\/xanxere.cdl-sc.org.br\/wp-content\/uploads\/2024\/11\/Ativo-410@2x-1.png 853w\" sizes=\"(max-width: 433px) 100vw, 433px\" \/>\t\t\t\t\t\t\t\t\t\t\t\t\t<\/div>\n\t\t\t\t<\/div>\n\t\t\t\t\t<\/div>\n\t\t\t\t<\/div>\n\t\t<div class=\"elementor-element elementor-element-fd34f12 e-flex e-con-boxed e-con e-parent\" data-id=\"fd34f12\" data-element_type=\"container\">\n\t\t\t\t\t<div class=\"e-con-inner\">\n\t\t<div class=\"elementor-element elementor-element-98149af e-con-full e-flex e-con e-child\" data-id=\"98149af\" data-element_type=\"container\" data-settings=\"{&quot;background_background&quot;:&quot;classic&quot;}\">\n\t\t<div class=\"elementor-element elementor-element-4306c64 e-con-full e-flex e-con e-child\" data-id=\"4306c64\" data-element_type=\"container\">\n\t\t\t\t<div class=\"elementor-element elementor-element-cb727a2 elementor-widget elementor-widget-image\" data-id=\"cb727a2\" data-element_type=\"widget\" data-widget_type=\"image.default\">\n\t\t\t\t<div class=\"elementor-widget-container\">\n\t\t\t\t\t\t\t\t\t\t\t\t\t<img decoding=\"async\" width=\"338\" height=\"98\" src=\"https:\/\/xanxere.cdl-sc.org.br\/wp-content\/uploads\/2024\/11\/Ativo-1.png\" class=\"attachment-full size-full wp-image-154509\" alt=\"\" srcset=\"https:\/\/xanxere.cdl-sc.org.br\/wp-content\/uploads\/2024\/11\/Ativo-1.png 338w, https:\/\/xanxere.cdl-sc.org.br\/wp-content\/uploads\/2024\/11\/Ativo-1-300x87.png 300w\" sizes=\"(max-width: 338px) 100vw, 338px\" \/>\t\t\t\t\t\t\t\t\t\t\t\t\t<\/div>\n\t\t\t\t<\/div>\n\t\t\t\t<\/div>\n\t\t<div class=\"elementor-element elementor-element-8e547a0 e-con-full e-flex e-con e-child\" data-id=\"8e547a0\" data-element_type=\"container\">\n\t\t\t\t<div class=\"elementor-element elementor-element-9f0843b elementor-widget elementor-widget-heading\" data-id=\"9f0843b\" data-element_type=\"widget\" data-widget_type=\"heading.default\">\n\t\t\t\t<div class=\"elementor-widget-container\">\n\t\t\t<h2 class=\"elementor-heading-title elementor-size-default\">O que \u00e9 a CNDL<\/h2>\t\t<\/div>\n\t\t\t\t<\/div>\n\t\t\t\t<div class=\"elementor-element elementor-element-2a09167 elementor-widget__width-initial elementor-widget elementor-widget-text-editor\" data-id=\"2a09167\" data-element_type=\"widget\" data-widget_type=\"text-editor.default\">\n\t\t\t\t<div class=\"elementor-widget-container\">\n\t\t\t<style>\/*! elementor - v3.23.0 - 05-08-2024 *\/\n.elementor-widget-text-editor.elementor-drop-cap-view-stacked .elementor-drop-cap{background-color:#69727d;color:#fff}.elementor-widget-text-editor.elementor-drop-cap-view-framed .elementor-drop-cap{color:#69727d;border:3px solid;background-color:transparent}.elementor-widget-text-editor:not(.elementor-drop-cap-view-default) .elementor-drop-cap{margin-top:8px}.elementor-widget-text-editor:not(.elementor-drop-cap-view-default) .elementor-drop-cap-letter{width:1em;height:1em}.elementor-widget-text-editor .elementor-drop-cap{float:left;text-align:center;line-height:1;font-size:50px}.elementor-widget-text-editor .elementor-drop-cap-letter{display:inline-block}<\/style>\t\t\t\t<p>Fruto do idealismo de empres\u00e1rios lojistas, que desde 1955, com o surgimento da primeira C\u00e2mara de Dirigentes Lojistas, esfor\u00e7avam-se pela cria\u00e7\u00e3o de uma entidade de classe de n\u00edvel nacional, a Confedera\u00e7\u00e3o Nacional de Dirigentes Lojistas \u2013 CNDL foi fundada em 21 de outubro de 1960 e tem como objetivo b\u00e1sico representar o segmento nacionalmente, em todas as \u00e1reas que estejam ao seu alcance.<\/p>\t\t\t\t\t\t<\/div>\n\t\t\t\t<\/div>\n\t\t\t\t<\/div>\n\t\t\t\t<\/div>\n\t\t<div class=\"elementor-element elementor-element-5fe5b9d e-con-full e-flex e-con e-child\" data-id=\"5fe5b9d\" data-element_type=\"container\" data-settings=\"{&quot;background_background&quot;:&quot;classic&quot;}\">\n\t\t<div class=\"elementor-element elementor-element-feee631 e-con-full e-flex e-con e-child\" data-id=\"feee631\" data-element_type=\"container\">\n\t\t\t\t<div class=\"elementor-element elementor-element-fe01d8b elementor-widget elementor-widget-heading\" data-id=\"fe01d8b\" data-element_type=\"widget\" data-widget_type=\"heading.default\">\n\t\t\t\t<div class=\"elementor-widget-container\">\n\t\t\t<h2 class=\"elementor-heading-title elementor-size-default\">O que \u00e9 uma CDL?<\/h2>\t\t<\/div>\n\t\t\t\t<\/div>\n\t\t\t\t<div class=\"elementor-element elementor-element-3b089c7 elementor-widget__width-initial elementor-widget elementor-widget-text-editor\" data-id=\"3b089c7\" data-element_type=\"widget\" data-widget_type=\"text-editor.default\">\n\t\t\t\t<div class=\"elementor-widget-container\">\n\t\t\t\t\t\t\t<p>As C\u00e2maras de Dirigentes Lojistas (CDLs) s\u00e3o associa\u00e7\u00f5es civis sem finalidade econ\u00f4mica e sem filia\u00e7\u00e3o pol\u00edtico-partid\u00e1ria de \u00e2mbito municipal e representativa dos segmentos produtivos de com\u00e9rcio, ind\u00fastria e servi\u00e7os, filiadas \u00e0 FCDL\/SC e compostas por associados (pessoas f\u00edsicas ou jur\u00eddicas) que geram renda, empregos e oportunidades para a comunidade local. Em Santa Catarina s\u00e3o 209 CDLs que, juntas, re\u00fanem mais de 43 mil associados. Al\u00e9m da representatividade, as CDLs oferecem diversos produtos, servi\u00e7os, cursos, palestras, assessoria jur\u00eddica e o Servi\u00e7o de Prote\u00e7\u00e3o ao Cr\u00e9dito (SPC) a seus associados. Juntamente com a FCDL\/SC, as CDLs integram o Sistema CNDL \u2013 o maior sistema confederativo de representa\u00e7\u00e3o dos segmentos produtivos que impulsionam o desenvolvimento do Brasil.<\/p>\t\t\t\t\t\t<\/div>\n\t\t\t\t<\/div>\n\t\t\t\t<\/div>\n\t\t<div class=\"elementor-element elementor-element-fadf907 e-con-full e-flex e-con e-child\" data-id=\"fadf907\" data-element_type=\"container\">\n\t\t\t\t<div class=\"elementor-element elementor-element-d11bf82 elementor-widget elementor-widget-image\" data-id=\"d11bf82\" data-element_type=\"widget\" data-widget_type=\"image.default\">\n\t\t\t\t<div class=\"elementor-widget-container\">\n\t\t\t\t\t\t\t\t\t\t\t\t\t<img decoding=\"async\" width=\"1118\" height=\"390\" src=\"https:\/\/xanxere.cdl-sc.org.br\/wp-content\/uploads\/2024\/11\/Ativo-4@4x-2.png\" class=\"attachment-full size-full wp-image-154510\" alt=\"\" srcset=\"https:\/\/xanxere.cdl-sc.org.br\/wp-content\/uploads\/2024\/11\/Ativo-4@4x-2.png 1118w, https:\/\/xanxere.cdl-sc.org.br\/wp-content\/uploads\/2024\/11\/Ativo-4@4x-2-300x105.png 300w, https:\/\/xanxere.cdl-sc.org.br\/wp-content\/uploads\/2024\/11\/Ativo-4@4x-2-1024x357.png 1024w, https:\/\/xanxere.cdl-sc.org.br\/wp-content\/uploads\/2024\/11\/Ativo-4@4x-2-768x268.png 768w\" sizes=\"(max-width: 1118px) 100vw, 1118px\" \/>\t\t\t\t\t\t\t\t\t\t\t\t\t<\/div>\n\t\t\t\t<\/div>\n\t\t\t\t<\/div>\n\t\t\t\t<\/div>\n\t\t<div class=\"elementor-element elementor-element-041a825 e-con-full e-flex e-con e-child\" data-id=\"041a825\" data-element_type=\"container\" data-settings=\"{&quot;background_background&quot;:&quot;classic&quot;}\">\n\t\t<div class=\"elementor-element elementor-element-efebd47 e-con-full e-flex e-con e-child\" data-id=\"efebd47\" data-element_type=\"container\">\n\t\t\t\t<div class=\"elementor-element elementor-element-d684187 elementor-widget elementor-widget-heading\" data-id=\"d684187\" data-element_type=\"widget\" data-widget_type=\"heading.default\">\n\t\t\t\t<div class=\"elementor-widget-container\">\n\t\t\t<h2 class=\"elementor-heading-title elementor-size-default\">O que \u00e9 uma NDL?<\/h2>\t\t<\/div>\n\t\t\t\t<\/div>\n\t\t\t\t<div class=\"elementor-element elementor-element-da668fc elementor-widget__width-initial elementor-widget elementor-widget-text-editor\" data-id=\"da668fc\" data-element_type=\"widget\" data-widget_type=\"text-editor.default\">\n\t\t\t\t<div class=\"elementor-widget-container\">\n\t\t\t\t\t\t\t<p>Os N\u00facleos de Dirigentes Lojistas (NDLs) s\u00e3o extens\u00f5es das CDLs em Munic\u00edpios vizinhos que n\u00e3o possuem uma CDL constitu\u00edda, proporcionando aos segmentos produtivos dessas localidades a possibilidade de usufruir os mesmos benef\u00edcios que facilitam a vida dos associados das CDLs. Santa Catarina atualmente disp\u00f5e de 24 NDLs em opera\u00e7\u00e3o, regularmente vinculadas a uma&nbsp;das&nbsp;209&nbsp;CDLs.<\/p>\t\t\t\t\t\t<\/div>\n\t\t\t\t<\/div>\n\t\t\t\t<\/div>\n\t\t<div class=\"elementor-element elementor-element-04631a1 e-con-full e-flex e-con e-child\" data-id=\"04631a1\" data-element_type=\"container\">\n\t\t\t\t<div class=\"elementor-element elementor-element-db48380 elementor-widget elementor-widget-image\" data-id=\"db48380\" data-element_type=\"widget\" data-widget_type=\"image.default\">\n\t\t\t\t<div class=\"elementor-widget-container\">\n\t\t\t\t\t\t\t\t\t\t\t\t\t<img loading=\"lazy\" decoding=\"async\" width=\"1139\" height=\"390\" src=\"https:\/\/xanxere.cdl-sc.org.br\/wp-content\/uploads\/2024\/11\/Ativo-3@4x-1-1.png\" class=\"attachment-full size-full wp-image-154511\" alt=\"\" srcset=\"https:\/\/xanxere.cdl-sc.org.br\/wp-content\/uploads\/2024\/11\/Ativo-3@4x-1-1.png 1139w, https:\/\/xanxere.cdl-sc.org.br\/wp-content\/uploads\/2024\/11\/Ativo-3@4x-1-1-300x103.png 300w, https:\/\/xanxere.cdl-sc.org.br\/wp-content\/uploads\/2024\/11\/Ativo-3@4x-1-1-1024x351.png 1024w, https:\/\/xanxere.cdl-sc.org.br\/wp-content\/uploads\/2024\/11\/Ativo-3@4x-1-1-768x263.png 768w\" sizes=\"(max-width: 1139px) 100vw, 1139px\" \/>\t\t\t\t\t\t\t\t\t\t\t\t\t<\/div>\n\t\t\t\t<\/div>\n\t\t\t\t<\/div>\n\t\t\t\t<\/div>\n\t\t<div class=\"elementor-element elementor-element-045e6db e-con-full e-flex e-con e-child\" data-id=\"045e6db\" data-element_type=\"container\" data-settings=\"{&quot;background_background&quot;:&quot;classic&quot;}\">\n\t\t<div class=\"elementor-element elementor-element-b81958c e-con-full e-flex e-con e-child\" data-id=\"b81958c\" data-element_type=\"container\">\n\t\t\t\t<div class=\"elementor-element elementor-element-59d9dfc elementor-widget elementor-widget-heading\" data-id=\"59d9dfc\" data-element_type=\"widget\" data-widget_type=\"heading.default\">\n\t\t\t\t<div class=\"elementor-widget-container\">\n\t\t\t<h2 class=\"elementor-heading-title elementor-size-default\">O que \u00e9 uma CDL Jovem?<\/h2>\t\t<\/div>\n\t\t\t\t<\/div>\n\t\t\t\t<div class=\"elementor-element elementor-element-a22fa68 elementor-widget__width-initial elementor-widget elementor-widget-text-editor\" data-id=\"a22fa68\" data-element_type=\"widget\" data-widget_type=\"text-editor.default\">\n\t\t\t\t<div class=\"elementor-widget-container\">\n\t\t\t\t\t\t\t<p>O perfil da CDL Jovem \u00e9 inovador. S\u00e3o 26 CDLs Jovem no estado. O objetivo \u00e9 integrar e desenvolver futuros l\u00edderes, difundindo o associativismo que move o Movimento Lojista. <br \/>Entre as principais iniciativas das CDLs Jovem est\u00e3o o DLI \u2013 Dia Livre de Impostos, programa que alerta a sociedade para a alta carga tribut\u00e1ria incidente sobre o produto, palestras e encontros para a troca de experi\u00eancias.<\/p>\t\t\t\t\t\t<\/div>\n\t\t\t\t<\/div>\n\t\t\t\t<\/div>\n\t\t<div class=\"elementor-element elementor-element-d436325 e-con-full e-flex e-con e-child\" data-id=\"d436325\" data-element_type=\"container\">\n\t\t\t\t<div class=\"elementor-element elementor-element-49b8f67 elementor-widget elementor-widget-image\" data-id=\"49b8f67\" data-element_type=\"widget\" data-widget_type=\"image.default\">\n\t\t\t\t<div class=\"elementor-widget-container\">\n\t\t\t\t\t\t\t\t\t\t\t\t\t<img loading=\"lazy\" decoding=\"async\" width=\"1110\" height=\"393\" src=\"https:\/\/xanxere.cdl-sc.org.br\/wp-content\/uploads\/2024\/11\/Ativo-5@4x-1.png\" class=\"attachment-full size-full wp-image-154512\" alt=\"\" srcset=\"https:\/\/xanxere.cdl-sc.org.br\/wp-content\/uploads\/2024\/11\/Ativo-5@4x-1.png 1110w, https:\/\/xanxere.cdl-sc.org.br\/wp-content\/uploads\/2024\/11\/Ativo-5@4x-1-300x106.png 300w, https:\/\/xanxere.cdl-sc.org.br\/wp-content\/uploads\/2024\/11\/Ativo-5@4x-1-1024x363.png 1024w, https:\/\/xanxere.cdl-sc.org.br\/wp-content\/uploads\/2024\/11\/Ativo-5@4x-1-768x272.png 768w\" sizes=\"(max-width: 1110px) 100vw, 1110px\" \/>\t\t\t\t\t\t\t\t\t\t\t\t\t<\/div>\n\t\t\t\t<\/div>\n\t\t\t\t<\/div>\n\t\t\t\t<\/div>\n\t\t<div class=\"elementor-element elementor-element-92ab461 e-con-full e-flex e-con e-child\" data-id=\"92ab461\" data-element_type=\"container\" data-settings=\"{&quot;background_background&quot;:&quot;classic&quot;}\">\n\t\t<div class=\"elementor-element elementor-element-6fc0536 e-con-full e-flex e-con e-child\" data-id=\"6fc0536\" data-element_type=\"container\">\n\t\t\t\t<div class=\"elementor-element elementor-element-352e159 elementor-widget elementor-widget-image\" data-id=\"352e159\" data-element_type=\"widget\" data-widget_type=\"image.default\">\n\t\t\t\t<div class=\"elementor-widget-container\">\n\t\t\t\t\t\t\t\t\t\t\t\t\t<img loading=\"lazy\" decoding=\"async\" width=\"1110\" height=\"393\" src=\"https:\/\/xanxere.cdl-sc.org.br\/wp-content\/uploads\/2024\/11\/Ativo-6@4x.png\" class=\"attachment-full size-full wp-image-154513\" alt=\"\" srcset=\"https:\/\/xanxere.cdl-sc.org.br\/wp-content\/uploads\/2024\/11\/Ativo-6@4x.png 1110w, https:\/\/xanxere.cdl-sc.org.br\/wp-content\/uploads\/2024\/11\/Ativo-6@4x-300x106.png 300w, https:\/\/xanxere.cdl-sc.org.br\/wp-content\/uploads\/2024\/11\/Ativo-6@4x-1024x363.png 1024w, https:\/\/xanxere.cdl-sc.org.br\/wp-content\/uploads\/2024\/11\/Ativo-6@4x-768x272.png 768w\" sizes=\"(max-width: 1110px) 100vw, 1110px\" \/>\t\t\t\t\t\t\t\t\t\t\t\t\t<\/div>\n\t\t\t\t<\/div>\n\t\t\t\t<\/div>\n\t\t<div class=\"elementor-element elementor-element-de5f790 e-con-full e-flex e-con e-child\" data-id=\"de5f790\" data-element_type=\"container\">\n\t\t\t\t<div class=\"elementor-element elementor-element-4f665f4 elementor-widget elementor-widget-heading\" data-id=\"4f665f4\" data-element_type=\"widget\" data-widget_type=\"heading.default\">\n\t\t\t\t<div class=\"elementor-widget-container\">\n\t\t\t<h2 class=\"elementor-heading-title elementor-size-default\">O que \u00e9 uma CDL Mulher?<\/h2>\t\t<\/div>\n\t\t\t\t<\/div>\n\t\t\t\t<div class=\"elementor-element elementor-element-ac97c27 elementor-widget__width-initial elementor-widget elementor-widget-text-editor\" data-id=\"ac97c27\" data-element_type=\"widget\" data-widget_type=\"text-editor.default\">\n\t\t\t\t<div class=\"elementor-widget-container\">\n\t\t\t\t\t\t\t<div class=\"page\" title=\"Page 1\"><div class=\"section\"><div class=\"layoutArea\"><div class=\"column\"><p>Desde janeiro de 2023, a gesta\u0303o da FCDL\/SC tem como um dos objetivos mais importantes valorizar as mulheres que inspiram e que constroem o varejo catarinense. Uma grande ac\u0327a\u0303o que ja\u0301 acontece com sucesso e\u0301 o incentivo a\u0300 criac\u0327a\u0303o das Ca\u0302maras de Mulher nas CDLs. Um trabalho fundamental que tem como base o Manifesto Mulheres que Constroem o Varejo, da CNDL.<\/p><\/div><\/div><\/div><\/div>\t\t\t\t\t\t<\/div>\n\t\t\t\t<\/div>\n\t\t\t\t<\/div>\n\t\t\t\t<\/div>\n\t\t<div class=\"elementor-element elementor-element-d5cf866 e-con-full e-flex e-con e-child\" data-id=\"d5cf866\" data-element_type=\"container\" data-settings=\"{&quot;background_background&quot;:&quot;classic&quot;}\">\n\t\t<div class=\"elementor-element elementor-element-89bc2de e-con-full e-flex e-con e-child\" data-id=\"89bc2de\" data-element_type=\"container\">\n\t\t\t\t<div class=\"elementor-element elementor-element-ecda296 elementor-widget elementor-widget-image\" data-id=\"ecda296\" data-element_type=\"widget\" data-widget_type=\"image.default\">\n\t\t\t\t<div class=\"elementor-widget-container\">\n\t\t\t\t\t\t\t\t\t\t\t\t\t<img loading=\"lazy\" decoding=\"async\" width=\"624\" height=\"252\" src=\"https:\/\/xanxere.cdl-sc.org.br\/wp-content\/uploads\/2024\/11\/Captura_de_Tela_2023-12-10_as_20.34.45-removebg-preview.png\" class=\"attachment-full size-full wp-image-154514\" alt=\"\" srcset=\"https:\/\/xanxere.cdl-sc.org.br\/wp-content\/uploads\/2024\/11\/Captura_de_Tela_2023-12-10_as_20.34.45-removebg-preview.png 624w, https:\/\/xanxere.cdl-sc.org.br\/wp-content\/uploads\/2024\/11\/Captura_de_Tela_2023-12-10_as_20.34.45-removebg-preview-300x121.png 300w\" sizes=\"(max-width: 624px) 100vw, 624px\" \/>\t\t\t\t\t\t\t\t\t\t\t\t\t<\/div>\n\t\t\t\t<\/div>\n\t\t\t\t<\/div>\n\t\t<div class=\"elementor-element elementor-element-40be12e e-con-full e-flex e-con e-child\" data-id=\"40be12e\" data-element_type=\"container\">\n\t\t\t\t<div class=\"elementor-element elementor-element-14d4957 elementor-widget elementor-widget-heading\" data-id=\"14d4957\" data-element_type=\"widget\" data-widget_type=\"heading.default\">\n\t\t\t\t<div class=\"elementor-widget-container\">\n\t\t\t<h2 class=\"elementor-heading-title elementor-size-default\">O que s\u00e3o as C\u00e2maras Setoriais?<\/h2>\t\t<\/div>\n\t\t\t\t<\/div>\n\t\t\t\t<div class=\"elementor-element elementor-element-be7545d elementor-widget__width-initial elementor-widget elementor-widget-text-editor\" data-id=\"be7545d\" data-element_type=\"widget\" data-widget_type=\"text-editor.default\">\n\t\t\t\t<div class=\"elementor-widget-container\">\n\t\t\t\t\t\t\t<div class=\"page\" title=\"Page 1\"><div class=\"section\"><div class=\"layoutArea\"><div class=\"column\"><p>As Ca\u0302maras Setoriais (ou Nu\u0301cleos) sa\u0303o o\u0301rga\u0303os complementares das CDLs compostos por associados com interesses convergentes (regia\u0303o, afinidade, segmento etc.), dando-lhes condic\u0327o\u0303es para que, no a\u0302mbito de suas aptido\u0303es e necessidades comuns, realizem ac\u0327o\u0303es conjuntas e voltadas para o fortalecimento da atividade empresarial e o atendimento das necessidades que os unem. O regramento ba\u0301sico de funcionamento dos o\u0301rga\u0303os complementares esta\u0301 estabelecido na NIF-33, ao que sugerimos a leitura.<\/p><\/div><\/div><\/div><\/div>\t\t\t\t\t\t<\/div>\n\t\t\t\t<\/div>\n\t\t\t\t<\/div>\n\t\t\t\t<\/div>\n\t\t\t\t\t<\/div>\n\t\t\t\t<\/div>\n\t\t\t\t<\/div>\n\t\t","protected":false},"excerpt":{"rendered":"<p>Sistema CNDL O que \u00e9 a CNDL Fruto do idealismo de empres\u00e1rios lojistas, que desde 1955, com o surgimento da primeira C\u00e2mara de Dirigentes Lojistas, esfor\u00e7avam-se pela cria\u00e7\u00e3o de uma entidade de classe de n\u00edvel nacional, a Confedera\u00e7\u00e3o Nacional de Dirigentes Lojistas \u2013 CNDL foi fundada em 21 de outubro de 1960 e tem como [&hellip;]<\/p>\n","protected":false},"author":280,"featured_media":0,"parent":0,"menu_order":0,"comment_status":"closed","ping_status":"closed","template":"elementor_header_footer","meta":{"_joinchat":[],"footnotes":""},"class_list":["post-426","page","type-page","status-publish","hentry"],"acf":[],"_links":{"self":[{"href":"https:\/\/xanxere.cdl-sc.org.br\/index.php?rest_route=\/wp\/v2\/pages\/426","targetHints":{"allow":["GET"]}}],"collection":[{"href":"https:\/\/xanxere.cdl-sc.org.br\/index.php?rest_route=\/wp\/v2\/pages"}],"about":[{"href":"https:\/\/xanxere.cdl-sc.org.br\/index.php?rest_route=\/wp\/v2\/types\/page"}],"author":[{"embeddable":true,"href":"https:\/\/xanxere.cdl-sc.org.br\/index.php?rest_route=\/wp\/v2\/users\/280"}],"replies":[{"embeddable":true,"href":"https:\/\/xanxere.cdl-sc.org.br\/index.php?rest_route=%2Fwp%2Fv2%2Fcomments&post=426"}],"version-history":[{"count":226,"href":"https:\/\/xanxere.cdl-sc.org.br\/index.php?rest_route=\/wp\/v2\/pages\/426\/revisions"}],"predecessor-version":[{"id":154517,"href":"https:\/\/xanxere.cdl-sc.org.br\/index.php?rest_route=\/wp\/v2\/pages\/426\/revisions\/154517"}],"wp:attachment":[{"href":"https:\/\/xanxere.cdl-sc.org.br\/index.php?rest_route=%2Fwp%2Fv2%2Fmedia&parent=426"}],"curies":[{"name":"wp","href":"https:\/\/api.w.org\/{rel}","templated":true}]}}